f 9 and 69?
3
What is the highest common factor of 10404 and 36?
36
What is the highest common factor of 583 and 1696?
53
What is the greatest common factor of 364 and 481?
13
What is the highest common factor of 1624 and 56?
56
What is the greatest common divisor of 1848 and 1512?
168
Calculate the greatest common factor of 108 and 126.
18
What is the highest common divisor of 1001 and 91?
91
Calculate the highest common divisor of 81 and 30.
3
Calculate the highest common factor of 234 and 819.
117
Calculate the highest common divisor of 3383 and 136.
17
Calculate the highest common factor of 240 and 2064.
48
Calculate the highest common factor of 75 and 390.
15
What is the greatest common factor of 6319 and 71?
71
What is the greatest common divisor of 1188 and 2187?
27
What is the greatest common divisor of 344 and 56?
8
Calculate the highest common divisor of 26 and 4498.
26
Calculate the highest common divisor of 33 and 528.
33
What is the highest common divisor of 279 and 18?
9
What is the highest common factor of 140 and 28420?
140
What is the greatest common factor of 92 and 299?
23
What is the greatest common divisor of 11873 and 62?
31
What is the highest common divisor of 3 and 1820?
1
What is the greatest common factor of 128 and 1?
1
What is the highest common divisor of 21 and 28?
7
Calculate the greatest common factor of 16 and 11888.
16
Calculate the highest common factor of 5 and 59.
1
Calculate the greatest common factor of 9 and 837.
9
Calculate the greatest common divisor of 343 and 14.
7
What is the greatest common factor of 153 and 17?
17
Calculate the highest common factor of 8 and 415.
1
Calculate the highest common divisor of 104 and 1.
1
What is the highest common divisor of 228 and 266?
38
What is the greatest common factor of 286 and 22?
22
Calculate the greatest common factor of 82 and 36.
2
Calculate the greatest common factor of 16419 and 26.
13
Calculate the greatest common divisor of 117 and 3159.
117
Calculate the highest common factor of 285 and 6.
3
Calculate the highest common factor of 1148 and 28.
28
What is the greatest common divisor of 11 and 6457?
11
What is the highest common divisor of 28 and 378?
14
Calculate the greatest common divisor of 113 and 452.
113
What is the greatest common factor of 6940 and 60?
20
What is the greatest common factor of 656 and 41?
41
What is the highest common factor of 35 and 3745?
35
Calculate the greatest common factor of 2460 and 260.
20
What is the highest common factor of 1044 and 116?
116
Calculate the highest common divisor of 52 and 39.
13
What is the greatest common factor of 2676 and 36?
12
What is the highest common factor of 804 and 60?
12
What is the greatest common divisor of 13 and 364?
13
Calculate the highest common factor of 32 and 42.
2
Calculate the greatest common factor of 33 and 825.
33
Calculate the greatest common factor of 801 and 27.
9
What is the highest common divisor of 144 and 240?
48
What is the highest common factor of 60 and 9?
3
Calculate the highest common factor of 26 and 39.
13
What is the highest common factor of 1581 and 51?
51
What is the greatest common factor of 40 and 340?
20
Calculate the highest common factor of 75 and 195.
15
What is the greatest common factor of 288 and 2664?
72
Calculate the highest common factor of 104 and 1898.
26
Calculate the greatest common factor of 492 and 12.
12
Calculate the highest common factor of 693 and 441.
63
What is the highest common factor of 12145 and 35?
35
Calculate the highest common factor of 2289 and 63.
21
What is the highest common divisor of 280 and 4060?
140
Calculate the highest common factor of 99 and 243.
9
Calculate the highest common divisor of 676 and 26.
26
Calculate the greatest common factor of 79 and 711.
79
Calculate the highest common divisor of 3139 and 129.
43
What is the greatest common divisor of 2625 and 3?
3
Calculate the greatest common divisor of 13 and 221.
13
Calculate the greatest common factor of 238 and 14.
14
Calculate the highest common factor of 128 and 208.
16
Calculate the greatest common divisor of 45 and 954.
9
Calculate the highest common factor of 45 and 20.
5
What is the greatest common divisor of 98532 and 138?
138
What is the greatest common factor of 2886 and 390?
78
What is the highest common factor of 31524 and 296?
148
What is the highest common factor of 273 and 567?
21
Calculate the greatest common factor of 8 and 5128.
8
What is the greatest common divisor of 803 and 308?
11
What is the highest common divisor of 30 and 34?
2
Calculate the highest common factor of 5002 and 246.
82
Calculate the greatest common factor of 31 and 124.
31
What is the greatest common divisor of 133 and 95?
19
Calculate the greatest common factor of 115 and 230.
115
Calculate the greatest common divisor of 744 and 93.
93
What is the greatest common divisor of 145 and 10?
5
Calculate the highest common factor of 21755 and 38.
19
What is the highest common factor of 320 and 1340?
20
What is the highest common factor of 3172 and 61?
61
Calculate the greatest common divisor of 176 and 32.
16
What is the highest common divisor of 1071 and 119?
119
What is the highest common divisor of 26 and 117?
13
Calculate the greatest common divisor of 88 and 56.
8
Calculate the highest common factor of 5420 and 40.
20
Calculate the greatest common factor of 1306 and 20.
2
Calculate the highest common factor of 140 and 7756.
28
What is the highest common divisor of 72 and 27?
9
What is the highest common divisor of 96 and 256?
32
What is the greatest common factor of 2646 and 392?
98
Calculate the greatest common factor of 195 and 5.
5
Calculate the highest common factor of 1113 and 483.
21
What is the greatest common divisor of 236 and 1534?
118
What is the highest common divisor of 48 and 16248?
24
What is the highest common factor of 801 and 7387?
89
Calculate the highest common divisor of 8711 and 93.
31
Calculate the highest common factor of 9809 and 34.
17
What is the highest common factor of 1958 and 11?
11
What is the highest common factor of 135 and 15?
15
What is the greatest common divisor of 80020 and 40?
20
Calculate the greatest common factor of 22 and 286.
22
What is the greatest common divisor of 49996 and 116?
116
What is the greatest common factor of 155 and 1147?
31
What is the greatest common divisor of 26 and 741?
13
Calculate the highest common factor of 1368 and 2432.
152
What is the greatest common divisor of 110 and 605?
55
Calculate the greatest common factor of 100 and 1150.
50
Calculate the greatest common factor of 140 and 19390.
70
What is the highest common divisor of 13888 and 80?
16
What is the highest common factor of 625 and 20?
5
Calculate the highest common factor of 68 and 12.
4
Calculate the greatest common divisor of 18 and 1314.
18
What is the highest common divisor of 1 and 77?
1
What is the highest common factor of 286 and 44?
22
What is the greatest common divisor of 760 and 2888?
152
Calculate the greatest common factor of 248 and 5611.
31
Calculate the greatest common factor of 296 and 407.
37
What is the highest common factor of 855 and 399?
57
Calculate the greatest common divisor of 128 and 1672.
8
Calculate the greatest common divisor of 37485 and 51.
51
Calculate the highest common divisor of 87 and 6.
3
What is the highest common factor of 3663 and 3441?
111
What is the highest common divisor of 60 and 13020?
60
Calculate the highest common factor of 182 and 26.
26
What is the highest common divisor of 225 and 705?
15
Calculate the highest common divisor of 342 and 54.
18
Calculate the greatest common divisor of 119 and 153.
17
What is the highest common factor of 6 and 6?
6
What is the highest common divisor of 999 and 27?
27
Calculate the greatest common divisor of 42 and 3672.
6
Calculate the greatest common factor of 815 and 20.
5
Calculate the highest common divisor of 403 and 589.
31
What is the greatest common factor of 9 and 31518?
9
What is the highest common divisor of 6 and 2082?
6
Calculate the greatest common divisor of 9 and 69.
3
Calculate the greatest common divisor of 472 and 360.
8
Calculate the highest common factor of 372 and 12.
12
Calculate the highest common factor of 324 and 432.
108
What is the